{"id":23,"date":"2023-06-22T15:07:11","date_gmt":"2023-06-22T12:07:11","guid":{"rendered":"https:\/\/hikinenreppu.fi\/?page_id=23"},"modified":"2025-03-17T21:04:27","modified_gmt":"2025-03-17T18:04:27","slug":"colibri-wp","status":"publish","type":"page","link":"https:\/\/hikinenreppu.fi\/?page_id=23","title":{"rendered":"Min\u00e4"},"content":{"rendered":"\n<h1 class=\"wp-block-heading has-text-align-left\">Hikinen reppu<\/h1>\n\n\n\n<p>Tervetuloa! N\u00e4it\u00e4 jorinoita muutaman rivin luettuaan varmaankin miettii, ett\u00e4 mik\u00e4 helvetti t\u00e4m\u00e4 koko sivu edes on? No, kyll\u00e4 t\u00e4m\u00e4 ihan oikean ihmisen retkeily -ja vaellusteemainen blogi on, mutta kirjoitettu ehk\u00e4 hieman lyhyen laiskasti ja paikoitellen satiiriseen s\u00e4vyyn. (ChatGPT tuskin tekisi n\u00e4in &#8221;hienoa&#8221; teksti\u00e4 n\u00e4ill\u00e4 m\u00e4\u00e4rill\u00e4 kirjoitusvirheit\u00e4&#8230;) T\u00e4t\u00e4 voisi kuvailla julkiseksi, tietyll\u00e4 teemalla varustetuksi p\u00e4iv\u00e4kirjaksi, johon lent\u00e4\u00e4 tarinaa suoraan p\u00e4\u00e4st\u00e4 sen kummemmin perkaamatta. On toki hienoa, ett\u00e4 nykyisin netti on pullollaan laadukasta sis\u00e4lt\u00f6\u00e4 Suomalaiseenkin retkeilyyn liittyen, mutta ehk\u00e4p\u00e4 juuri siksi, t\u00e4t\u00e4 paska-osastoakin pit\u00e4\u00e4 olla.<\/p>\n\n\n\n<p>Saatan kirjoittaa lyhyesti tai v\u00e4h\u00e4n pidemmin ja jutuissa ei v\u00e4ltt\u00e4m\u00e4tt\u00e4 ole p\u00e4\u00e4t\u00e4 eik\u00e4 h\u00e4nt\u00e4\u00e4, l\u00e4hinn\u00e4 ajatuksenvirtaa. Joku saattaisi kysy\u00e4 miksi en k\u00e4yt\u00e4 jotain SOME-alustaa t\u00e4h\u00e4n? Siksi ett\u00e4 somettaminen on yksinkertaisesti perseest\u00e4 ja en oikeastaan himoitse seuraajia tai lukijoita. Jos joku t\u00e4m\u00e4n sivun seuraamisesta saa jollain perverssill\u00e4 tavalla t\u00e4ytett\u00e4 el\u00e4m\u00e4\u00e4ns\u00e4, niin hyv\u00e4, se on vain bonusta.<\/p>\n\n\n\n<h1 class=\"wp-block-heading\">Kuka, mit\u00e4, miss\u00e4?<\/h1>\n\n\n\n<figure class=\"wp-block-image size-large is-resized is-style-default\"><img loading=\"lazy\" decoding=\"async\" width=\"768\" height=\"1024\" src=\"https:\/\/hikinenreppu.fi\/wp-content\/uploads\/2023\/11\/IMG_6401-768x1024.jpeg\" alt=\"\" class=\"wp-image-491\" style=\"aspect-ratio:0.75;object-fit:contain;width:562px;height:auto\" srcset=\"https:\/\/hikinenreppu.fi\/wp-content\/uploads\/2023\/11\/IMG_6401-768x1024.jpeg 768w, https:\/\/hikinenreppu.fi\/wp-content\/uploads\/2023\/11\/IMG_6401-225x300.jpeg 225w, https:\/\/hikinenreppu.fi\/wp-content\/uploads\/2023\/11\/IMG_6401-1152x1536.jpeg 1152w, https:\/\/hikinenreppu.fi\/wp-content\/uploads\/2023\/11\/IMG_6401-1536x2048.jpeg 1536w, https:\/\/hikinenreppu.fi\/wp-content\/uploads\/2023\/11\/IMG_6401-scaled.jpeg 1920w\" sizes=\"auto, (max-width: 768px) 100vw, 768px\" \/><\/figure>\n\n\n\n<p>Olen Atso Arat, p\u00e4\u00e4lle kolmekymppinen, ATK-asioita ty\u00f6kseni nakuttava perusjamppa Tampereelta.<\/p>\n\n\n\n<p>Innostuin toden teolla retkeilyst\u00e4 vasta 2020 nurkilla ja p\u00e4\u00e4tin, ett\u00e4 l\u00e4hden tosissani kokeilemaan millaista mets\u00e4ss\u00e4 on olla v\u00e4h\u00e4n reilummin kuin vain termarikahvien verran. Ennen t\u00e4t\u00e4 ainoat el\u00e4m\u00e4ni mets\u00e4y\u00f6t oli valtion tarjoamat inttiy\u00f6t, joista ei ihan niin l\u00e4mpimi\u00e4 muistoja sitten ollutkaan. Itse olenkin aina ajatellut, ett\u00e4 juuri intti on pilannut monelta pysyv\u00e4sti ulkona nukkumisen ja telttailun, mutta se taas on eri keskustelu&#8230; <\/p>\n\n\n\n<p>Suurena inspiraationa itselleni toimi (ja toimii edelleen) mm. Ali Leini\u00f6n videot, joista my\u00f6s p\u00e4\u00e4sin riippariretkeilyn maailmaan. Riippumatosta onkin tullut itselle se ensisijainen majoite retkelle kuin retkelle, kunhan vain ollaan sellaisilla leveyksill\u00e4, ett\u00e4 puita riitt\u00e4\u00e4.<\/p>\n\n\n\n<p>Vaikka sanoinkin, ett\u00e4 en niin varsinaisesti lukijoita odota t\u00e4nne eksyv\u00e4n, niin tervetuloa siit\u00e4 huolimatta!<\/p>\n","protected":false},"excerpt":{"rendered":"<p>Hikinen reppu Tervetuloa! N\u00e4it\u00e4 jorinoita muutaman rivin luettuaan varmaankin miettii, ett\u00e4 mik\u00e4 helvetti t\u00e4m\u00e4 koko sivu edes on? No, kyll\u00e4 t\u00e4m\u00e4 ihan oikean ihmisen retkeily -ja vaellusteemainen blogi on, mutta kirjoitettu ehk\u00e4 hieman lyhyen laiskasti ja paikoitellen satiiriseen s\u00e4vyyn. (ChatGPT tuskin tekisi n\u00e4in &#8221;hienoa&#8221; teksti\u00e4 n\u00e4ill\u00e4 m\u00e4\u00e4rill\u00e4 kirjoitusvirheit\u00e4&#8230;) T\u00e4t\u00e4 voisi kuvailla julkiseksi, tietyll\u00e4 teemalla varustetuksi p\u00e4iv\u00e4kirjaksi, johon lent\u00e4\u00e4 tarinaa suoraan p\u00e4\u00e4st\u00e4 sen kummemmin perkaamatta. On toki hienoa, ett\u00e4 nykyisin netti on pullollaan laadukasta sis\u00e4lt\u00f6\u00e4 Suomalaiseenkin retkeilyyn liittyen, mutta ehk\u00e4p\u00e4 juuri siksi, t\u00e4t\u00e4 paska-osastoakin pit\u00e4\u00e4 olla. Saatan kirjoittaa lyhyesti tai v\u00e4h\u00e4n pidemmin ja jutuissa ei v\u00e4ltt\u00e4m\u00e4tt\u00e4 ole p\u00e4\u00e4t\u00e4 eik\u00e4 h\u00e4nt\u00e4\u00e4, l\u00e4hinn\u00e4 [&hellip;]<\/p>\n","protected":false},"author":1,"featured_media":0,"parent":0,"menu_order":0,"comment_status":"closed","ping_status":"closed","template":"","meta":{"_monsterinsights_skip_tracking":false,"_monsterinsights_sitenote_active":false,"_monsterinsights_sitenote_note":"","_monsterinsights_sitenote_category":0,"footnotes":""},"class_list":["post-23","page","type-page","status-publish","hentry"],"yoast_head":"<!-- This site is optimized with the Yoast SEO plugin v26.8 - https:\/\/yoast.com\/product\/yoast-seo-wordpress\/ -->\n<title>Min\u00e4 - Hikinen reppu<\/title>\n<meta name=\"robots\" content=\"index, follow, max-snippet:-1, max-image-preview:large, max-video-preview:-1\" \/>\n<link rel=\"canonical\" href=\"https:\/\/hikinenreppu.fi\/?page_id=23\" \/>\n<meta property=\"og:locale\" content=\"fi_FI\" \/>\n<meta property=\"og:type\" content=\"article\" \/>\n<meta property=\"og:title\" content=\"Min\u00e4 - Hikinen reppu\" \/>\n<meta property=\"og:description\" content=\"Hikinen reppu Tervetuloa! N\u00e4it\u00e4 jorinoita muutaman rivin luettuaan varmaankin miettii, ett\u00e4 mik\u00e4 helvetti t\u00e4m\u00e4 koko sivu edes on? No, kyll\u00e4 t\u00e4m\u00e4 ihan oikean ihmisen retkeily -ja vaellusteemainen blogi on, mutta kirjoitettu ehk\u00e4 hieman lyhyen laiskasti ja paikoitellen satiiriseen s\u00e4vyyn. (ChatGPT tuskin tekisi n\u00e4in &#8221;hienoa&#8221; teksti\u00e4 n\u00e4ill\u00e4 m\u00e4\u00e4rill\u00e4 kirjoitusvirheit\u00e4&#8230;) T\u00e4t\u00e4 voisi kuvailla julkiseksi, tietyll\u00e4 teemalla varustetuksi p\u00e4iv\u00e4kirjaksi, johon lent\u00e4\u00e4 tarinaa suoraan p\u00e4\u00e4st\u00e4 sen kummemmin perkaamatta. On toki hienoa, ett\u00e4 nykyisin netti on pullollaan laadukasta sis\u00e4lt\u00f6\u00e4 Suomalaiseenkin retkeilyyn liittyen, mutta ehk\u00e4p\u00e4 juuri siksi, t\u00e4t\u00e4 paska-osastoakin pit\u00e4\u00e4 olla. Saatan kirjoittaa lyhyesti tai v\u00e4h\u00e4n pidemmin ja jutuissa ei v\u00e4ltt\u00e4m\u00e4tt\u00e4 ole p\u00e4\u00e4t\u00e4 eik\u00e4 h\u00e4nt\u00e4\u00e4, l\u00e4hinn\u00e4 [&hellip;]\" \/>\n<meta property=\"og:url\" content=\"https:\/\/hikinenreppu.fi\/?page_id=23\" \/>\n<meta property=\"og:site_name\" content=\"Hikinen reppu\" \/>\n<meta property=\"article:modified_time\" content=\"2025-03-17T18:04:27+00:00\" \/>\n<meta property=\"og:image\" content=\"https:\/\/hikinenreppu.fi\/wp-content\/uploads\/2023\/11\/IMG_6401-scaled.jpeg\" \/>\n\t<meta property=\"og:image:width\" content=\"1920\" \/>\n\t<meta property=\"og:image:height\" content=\"2560\" \/>\n\t<meta property=\"og:image:type\" content=\"image\/jpeg\" \/>\n<meta name=\"twitter:card\" content=\"summary_large_image\" \/>\n<meta name=\"twitter:label1\" content=\"Arvioitu lukuaika\" \/>\n\t<meta name=\"twitter:data1\" content=\"2 minuuttia\" \/>\n<script type=\"application\/ld+json\" class=\"yoast-schema-graph\">{\"@context\":\"https:\/\/schema.org\",\"@graph\":[{\"@type\":\"WebPage\",\"@id\":\"https:\/\/hikinenreppu.fi\/?page_id=23\",\"url\":\"https:\/\/hikinenreppu.fi\/?page_id=23\",\"name\":\"Min\u00e4 - Hikinen reppu\",\"isPartOf\":{\"@id\":\"https:\/\/hikinenreppu.fi\/#website\"},\"primaryImageOfPage\":{\"@id\":\"https:\/\/hikinenreppu.fi\/?page_id=23#primaryimage\"},\"image\":{\"@id\":\"https:\/\/hikinenreppu.fi\/?page_id=23#primaryimage\"},\"thumbnailUrl\":\"https:\/\/hikinenreppu.fi\/wp-content\/uploads\/2023\/11\/IMG_6401-768x1024.jpeg\",\"datePublished\":\"2023-06-22T12:07:11+00:00\",\"dateModified\":\"2025-03-17T18:04:27+00:00\",\"breadcrumb\":{\"@id\":\"https:\/\/hikinenreppu.fi\/?page_id=23#breadcrumb\"},\"inLanguage\":\"fi\",\"potentialAction\":[{\"@type\":\"ReadAction\",\"target\":[\"https:\/\/hikinenreppu.fi\/?page_id=23\"]}]},{\"@type\":\"ImageObject\",\"inLanguage\":\"fi\",\"@id\":\"https:\/\/hikinenreppu.fi\/?page_id=23#primaryimage\",\"url\":\"https:\/\/hikinenreppu.fi\/wp-content\/uploads\/2023\/11\/IMG_6401-scaled.jpeg\",\"contentUrl\":\"https:\/\/hikinenreppu.fi\/wp-content\/uploads\/2023\/11\/IMG_6401-scaled.jpeg\",\"width\":1920,\"height\":2560},{\"@type\":\"BreadcrumbList\",\"@id\":\"https:\/\/hikinenreppu.fi\/?page_id=23#breadcrumb\",\"itemListElement\":[{\"@type\":\"ListItem\",\"position\":1,\"name\":\"Etusivu\",\"item\":\"https:\/\/hikinenreppu.fi\/\"},{\"@type\":\"ListItem\",\"position\":2,\"name\":\"Min\u00e4\"}]},{\"@type\":\"WebSite\",\"@id\":\"https:\/\/hikinenreppu.fi\/#website\",\"url\":\"https:\/\/hikinenreppu.fi\/\",\"name\":\"HikinenReppu\",\"description\":\"Retkibloggausta happamaan tyyliin\",\"potentialAction\":[{\"@type\":\"SearchAction\",\"target\":{\"@type\":\"EntryPoint\",\"urlTemplate\":\"https:\/\/hikinenreppu.fi\/?s={search_term_string}\"},\"query-input\":{\"@type\":\"PropertyValueSpecification\",\"valueRequired\":true,\"valueName\":\"search_term_string\"}}],\"inLanguage\":\"fi\"}]}<\/script>\n<!-- \/ Yoast SEO plugin. -->","yoast_head_json":{"title":"Min\u00e4 - Hikinen reppu","robots":{"index":"index","follow":"follow","max-snippet":"max-snippet:-1","max-image-preview":"max-image-preview:large","max-video-preview":"max-video-preview:-1"},"canonical":"https:\/\/hikinenreppu.fi\/?page_id=23","og_locale":"fi_FI","og_type":"article","og_title":"Min\u00e4 - Hikinen reppu","og_description":"Hikinen reppu Tervetuloa! N\u00e4it\u00e4 jorinoita muutaman rivin luettuaan varmaankin miettii, ett\u00e4 mik\u00e4 helvetti t\u00e4m\u00e4 koko sivu edes on? No, kyll\u00e4 t\u00e4m\u00e4 ihan oikean ihmisen retkeily -ja vaellusteemainen blogi on, mutta kirjoitettu ehk\u00e4 hieman lyhyen laiskasti ja paikoitellen satiiriseen s\u00e4vyyn. (ChatGPT tuskin tekisi n\u00e4in &#8221;hienoa&#8221; teksti\u00e4 n\u00e4ill\u00e4 m\u00e4\u00e4rill\u00e4 kirjoitusvirheit\u00e4&#8230;) T\u00e4t\u00e4 voisi kuvailla julkiseksi, tietyll\u00e4 teemalla varustetuksi p\u00e4iv\u00e4kirjaksi, johon lent\u00e4\u00e4 tarinaa suoraan p\u00e4\u00e4st\u00e4 sen kummemmin perkaamatta. On toki hienoa, ett\u00e4 nykyisin netti on pullollaan laadukasta sis\u00e4lt\u00f6\u00e4 Suomalaiseenkin retkeilyyn liittyen, mutta ehk\u00e4p\u00e4 juuri siksi, t\u00e4t\u00e4 paska-osastoakin pit\u00e4\u00e4 olla. Saatan kirjoittaa lyhyesti tai v\u00e4h\u00e4n pidemmin ja jutuissa ei v\u00e4ltt\u00e4m\u00e4tt\u00e4 ole p\u00e4\u00e4t\u00e4 eik\u00e4 h\u00e4nt\u00e4\u00e4, l\u00e4hinn\u00e4 [&hellip;]","og_url":"https:\/\/hikinenreppu.fi\/?page_id=23","og_site_name":"Hikinen reppu","article_modified_time":"2025-03-17T18:04:27+00:00","og_image":[{"width":1920,"height":2560,"url":"https:\/\/hikinenreppu.fi\/wp-content\/uploads\/2023\/11\/IMG_6401-scaled.jpeg","type":"image\/jpeg"}],"twitter_card":"summary_large_image","twitter_misc":{"Arvioitu lukuaika":"2 minuuttia"},"schema":{"@context":"https:\/\/schema.org","@graph":[{"@type":"WebPage","@id":"https:\/\/hikinenreppu.fi\/?page_id=23","url":"https:\/\/hikinenreppu.fi\/?page_id=23","name":"Min\u00e4 - Hikinen reppu","isPartOf":{"@id":"https:\/\/hikinenreppu.fi\/#website"},"primaryImageOfPage":{"@id":"https:\/\/hikinenreppu.fi\/?page_id=23#primaryimage"},"image":{"@id":"https:\/\/hikinenreppu.fi\/?page_id=23#primaryimage"},"thumbnailUrl":"https:\/\/hikinenreppu.fi\/wp-content\/uploads\/2023\/11\/IMG_6401-768x1024.jpeg","datePublished":"2023-06-22T12:07:11+00:00","dateModified":"2025-03-17T18:04:27+00:00","breadcrumb":{"@id":"https:\/\/hikinenreppu.fi\/?page_id=23#breadcrumb"},"inLanguage":"fi","potentialAction":[{"@type":"ReadAction","target":["https:\/\/hikinenreppu.fi\/?page_id=23"]}]},{"@type":"ImageObject","inLanguage":"fi","@id":"https:\/\/hikinenreppu.fi\/?page_id=23#primaryimage","url":"https:\/\/hikinenreppu.fi\/wp-content\/uploads\/2023\/11\/IMG_6401-scaled.jpeg","contentUrl":"https:\/\/hikinenreppu.fi\/wp-content\/uploads\/2023\/11\/IMG_6401-scaled.jpeg","width":1920,"height":2560},{"@type":"BreadcrumbList","@id":"https:\/\/hikinenreppu.fi\/?page_id=23#breadcrumb","itemListElement":[{"@type":"ListItem","position":1,"name":"Etusivu","item":"https:\/\/hikinenreppu.fi\/"},{"@type":"ListItem","position":2,"name":"Min\u00e4"}]},{"@type":"WebSite","@id":"https:\/\/hikinenreppu.fi\/#website","url":"https:\/\/hikinenreppu.fi\/","name":"HikinenReppu","description":"Retkibloggausta happamaan tyyliin","potentialAction":[{"@type":"SearchAction","target":{"@type":"EntryPoint","urlTemplate":"https:\/\/hikinenreppu.fi\/?s={search_term_string}"},"query-input":{"@type":"PropertyValueSpecification","valueRequired":true,"valueName":"search_term_string"}}],"inLanguage":"fi"}]}},"_links":{"self":[{"href":"https:\/\/hikinenreppu.fi\/index.php?rest_route=\/wp\/v2\/pages\/23","targetHints":{"allow":["GET"]}}],"collection":[{"href":"https:\/\/hikinenreppu.fi\/index.php?rest_route=\/wp\/v2\/pages"}],"about":[{"href":"https:\/\/hikinenreppu.fi\/index.php?rest_route=\/wp\/v2\/types\/page"}],"author":[{"embeddable":true,"href":"https:\/\/hikinenreppu.fi\/index.php?rest_route=\/wp\/v2\/users\/1"}],"replies":[{"embeddable":true,"href":"https:\/\/hikinenreppu.fi\/index.php?rest_route=%2Fwp%2Fv2%2Fcomments&post=23"}],"version-history":[{"count":15,"href":"https:\/\/hikinenreppu.fi\/index.php?rest_route=\/wp\/v2\/pages\/23\/revisions"}],"predecessor-version":[{"id":1269,"href":"https:\/\/hikinenreppu.fi\/index.php?rest_route=\/wp\/v2\/pages\/23\/revisions\/1269"}],"wp:attachment":[{"href":"https:\/\/hikinenreppu.fi\/index.php?rest_route=%2Fwp%2Fv2%2Fmedia&parent=23"}],"curies":[{"name":"wp","href":"https:\/\/api.w.org\/{rel}","templated":true}]}}